70 and 10.
10
Calculate the highest common divisor of 11 and 61.
1
Calculate the greatest common divisor of 864 and 81.
27
Calculate the highest common factor of 13530 and 123.
123
Calculate the greatest common divisor of 2296 and 168.
56
Calculate the greatest common divisor of 90 and 828.
18
Calculate the greatest common divisor of 540 and 12015.
135
Calculate the greatest common factor of 5 and 120.
5
Calculate the highest common factor of 918 and 816.
102
Calculate the highest common divisor of 5 and 205.
5
What is the highest common factor of 411 and 3973?
137
What is the highest common factor of 8 and 168?
8
Calculate the greatest common divisor of 6 and 474.
6
What is the greatest common divisor of 1254 and 133?
19
Calculate the highest common factor of 13 and 5.
1
What is the greatest common divisor of 14 and 742?
14
What is the greatest common divisor of 58 and 2?
2
Calculate the greatest common factor of 1254 and 6.
6
What is the greatest common factor of 6 and 94?
2
Calculate the greatest common factor of 94 and 2.
2
Calculate the highest common factor of 43835 and 55.
55
What is the greatest common divisor of 310 and 10?
10
What is the greatest common divisor of 4332 and 48?
12
What is the highest common divisor of 828 and 24?
12
Calculate the greatest common divisor of 7049 and 133.
133
Calculate the highest common factor of 7 and 959.
7
Calculate the highest common factor of 72605 and 130.
65
What is the greatest common factor of 2149 and 70?
7
Calculate the greatest common factor of 14688 and 36.
36
What is the greatest common factor of 440 and 264?
88
What is the highest common factor of 896 and 4?
4
What is the highest common factor of 110 and 3020?
10
Calculate the greatest common divisor of 124 and 31.
31
Calculate the greatest common divisor of 13 and 65.
13
What is the greatest common divisor of 780 and 180?
60
Calculate the highest common factor of 1798 and 496.
62
What is the greatest common divisor of 1692 and 18?
18
Calculate the highest common divisor of 648 and 189.
27
Calculate the highest common factor of 423 and 2115.
423
What is the highest common factor of 1888 and 177?
59
Calculate the highest common divisor of 20837 and 134.
67
What is the highest common factor of 176 and 26?
2
Calculate the greatest common factor of 754 and 29.
29
Calculate the highest common factor of 6372 and 756.
108
Calculate the greatest common divisor of 1340 and 16348.
268
Calculate the highest common divisor of 45 and 126.
9
Calculate the greatest common factor of 102 and 6069.
51
Calculate the greatest common factor of 48 and 2568.
24
Calculate the highest common factor of 1292 and 836.
76
Calculate the highest common divisor of 403 and 93.
31
What is the highest common divisor of 29673 and 378?
189
What is the greatest common divisor of 7306 and 26?
26
What is the highest common divisor of 714 and 7650?
102
What is the highest common factor of 1859 and 143?
143
What is the highest common factor of 221 and 351?
13
Calculate the greatest common factor of 2408 and 56.
56
What is the highest common factor of 6 and 12036?
6
What is the highest common factor of 216 and 3336?
24
What is the highest common factor of 10924 and 2?
2
What is the highest common factor of 39 and 247?
13
What is the highest common divisor of 2765 and 70?
35
What is the highest common divisor of 855 and 760?
95
Calculate the greatest common factor of 549 and 183.
183
Calculate the greatest common factor of 30 and 1710.
30
What is the highest common factor of 598 and 1472?
46
Calculate the highest common divisor of 288 and 90.
18
What is the highest common divisor of 18 and 414?
18
Calculate the highest common factor of 1005 and 5427.
201
What is the greatest common divisor of 187 and 153?
17
What is the highest common divisor of 93 and 279?
93
What is the highest common divisor of 96 and 208?
16
What is the highest common factor of 2679 and 282?
141
Calculate the greatest common factor of 77 and 286.
11
What is the highest common divisor of 39 and 35529?
39
What is the greatest common divisor of 632 and 8?
8
What is the greatest common factor of 252 and 144?
36
Calculate the highest common factor of 7 and 20.
1
Calculate the highest common divisor of 10 and 38.
2
Calculate the highest common factor of 3585 and 60.
15
What is the greatest common divisor of 8 and 1032?
8
What is the highest common factor of 1653 and 174?
87
Calculate the greatest common divisor of 52 and 364.
52
What is the highest common factor of 161 and 713?
23
Calculate the greatest common factor of 1071 and 630.
63
Calculate the greatest common divisor of 73 and 17885.
73
What is the highest common factor of 198 and 638?
22
Calculate the greatest common divisor of 174 and 725.
29
What is the greatest common factor of 1 and 5?
1
What is the highest common factor of 10 and 10?
10
Calculate the greatest common factor of 24 and 152.
8
Calculate the highest common factor of 20 and 250.
10
Calculate the greatest common divisor of 975 and 78.
39
What is the highest common factor of 21707 and 98?
49
What is the greatest common factor of 2299 and 19?
19
Calculate the highest common divisor of 162 and 4806.
54
Calculate the highest common factor of 6 and 174.
6
What is the greatest common divisor of 1125 and 875?
125
Calculate the highest common divisor of 174 and 12.
6
What is the highest common factor of 314 and 785?
157
Calculate the highest common factor of 58 and 87.
29
What is the highest common divisor of 351 and 27?
27
Calculate the highest common divisor of 44 and 116.
4
Calculate the highest common factor of 22 and 5786.
22
What is the greatest common divisor of 56 and 64?
8
Calculate the greatest common factor of 4135 and 5.
5
What is the highest common divisor of 832 and 52?
52
Calculate the greatest common divisor of 5152 and 1792.
224
Calculate the greatest common divisor of 1456 and 923.
13
What is the greatest common factor of 482 and 2?
2
What is the highest common divisor of 270 and 864?
54
What is the greatest common divisor of 114 and 1425?
57
What is the greatest common divisor of 215 and 5805?
215
Calculate the greatest common divisor of 174 and 406.
58
Calculate the greatest common factor of 351 and 13.
13
Calculate the highest common divisor of 19994 and 26.
26
What is the greatest common factor of 5066 and 68?
34
What is the highest common divisor of 2350 and 225?
25
What is the greatest common factor of 2300 and 600?
100
What is the highest common factor of 154 and 198?
22
Calculate the highest common factor of 36 and 4.
4
What is the highest common factor of 80 and 32080?
80
Calculate the highest common divisor of 1072 and 16.
16
What is the highest common divisor of 520 and 208?
104
Calculate the greatest common divisor of 852 and 12.
12
Calculate the highest common factor of 15 and 28065.
15
Calculate the greatest common divisor of 34 and 45152.
34
Calculate the highest common factor of 497 and 852.
71
What is the greatest common divisor of 15 and 215?
5
Calculate the greatest common divisor of 48 and 15776.
16
What is the highest common factor of 685 and 5?
5
Calculate the greatest common factor of 550 and 30.
10
What is the highest common factor of 154 and 91?
7
What is the greatest common factor of 327 and 92541?
327
Calculate the greatest common divisor of 515 and 5.
5
What is the greatest common factor of 810 and 55?
5
Calculate the greatest common divisor of 410 and 70.
10
What is the greatest common divisor of 4275 and 9?
9
Calculate the highest common factor of 816 and 48.
48
Calculate the greatest common divisor of 43253 and 37.
37
What is the highest common factor of 595 and 850?
85
What is the greatest common factor of 1330 and 7?
7
Calculate the highest common divisor of 27 and 351.
27
Calculate the greatest common divisor of 2750 and 25.
25
What is the greatest common divisor of 45 and 51?
3
What is the highest common divisor of 43 and 11008?
43
Calculate the greatest common factor of 1 and 1361.
1
What is the highest common divisor of 15087 and 47?
47
Calculate the highest common factor of 1392 and 80.
16
What is the highest common divisor of 10 and 2?
2
What is the highest common divisor of 900 and 20?
20
Calculate the highest common factor of 322 and 1927